{"id":204,"date":"2025-03-24T14:25:41","date_gmt":"2025-03-24T14:25:41","guid":{"rendered":"https:\/\/inpesca.campeche.gob.mx\/?page_id=204"},"modified":"2025-08-26T00:53:06","modified_gmt":"2025-08-26T00:53:06","slug":"programas","status":"publish","type":"page","link":"https:\/\/inpesca.campeche.gob.mx\/?page_id=204","title":{"rendered":"PROGRAMAS"},"content":{"rendered":"<p>[et_pb_section fb_built=\u00bb1&#8243; _builder_version=\u00bb4.27.4&#8243; _module_preset=\u00bbdefault\u00bb custom_padding=\u00bb2px||2px|||\u00bb global_colors_info=\u00bb{}\u00bb][et_pb_row _builder_version=\u00bb4.27.4&#8243; _module_preset=\u00bbdefault\u00bb background_enable_image=\u00bboff\u00bb global_colors_info=\u00bb{}\u00bb][et_pb_column type=\u00bb4_4&#8243; _builder_version=\u00bb4.27.4&#8243; _module_preset=\u00bbdefault\u00bb global_colors_info=\u00bb{}\u00bb][et_pb_text _builder_version=\u00bb4.27.4&#8243; _module_preset=\u00bbdefault\u00bb global_colors_info=\u00bb{}\u00bb]<\/p>\n<h1 style=\"text-align: left;\"><span style=\"color: #808080;\">PROGRAMAS<\/span><\/h1>\n<p style=\"text-align: left;\"><span style=\"color: #808080;\">RESCATE DEL CAMPO Y VISI\u00d3N DEL MAR 2025<\/span><\/p>\n<p>[\/et_pb_text][\/et_pb_column][\/et_pb_row][\/et_pb_section][et_pb_section fb_built=\u00bb1&#8243; _builder_version=\u00bb4.27.4&#8243; _module_preset=\u00bbdefault\u00bb custom_padding=\u00bb27px||0px|||\u00bb global_colors_info=\u00bb{}\u00bb][et_pb_row column_structure=\u00bb1_3,1_3,1_3&#8243; _builder_version=\u00bb4.27.4&#8243; _module_preset=\u00bbdefault\u00bb global_colors_info=\u00bb{}\u00bb][et_pb_column type=\u00bb1_3&#8243; _builder_version=\u00bb4.27.4&#8243; _module_preset=\u00bbdefault\u00bb global_colors_info=\u00bb{}\u00bb][\/et_pb_column][et_pb_column type=\u00bb1_3&#8243; _builder_version=\u00bb4.27.4&#8243; _module_preset=\u00bbdefault\u00bb global_colors_info=\u00bb{}\u00bb][et_pb_text _builder_version=\u00bb4.27.4&#8243; _module_preset=\u00bbdefault\u00bb background_color=\u00bbgcid-66435a30-3d49-4af9-b1ed-28266522a7d6&#8243; custom_padding=\u00bb37px|25px|37px|25px|false|false\u00bb border_radii=\u00bbon|25px|25px|25px|25px\u00bb global_colors_info=\u00bb{%22gcid-66435a30-3d49-4af9-b1ed-28266522a7d6%22:%91%22background_color%22%93}\u00bb]<\/p>\n<p style=\"text-align: center;\"><a href=\"https:\/\/inpesca.campeche.gob.mx\/wp-content\/uploads\/2025\/06\/BENEFICIARIOS-DEL-MES-DE-ABRIL.xlsx\" target=\"_blank\" rel=\"noopener\"><span style=\"color: #ffffff;\">BENEFICIARIOS DE APOYOS<\/span><\/a><\/p>\n<p>[\/et_pb_text][\/et_pb_column][et_pb_column type=\u00bb1_3&#8243; _builder_version=\u00bb4.27.4&#8243; _module_preset=\u00bbdefault\u00bb global_colors_info=\u00bb{}\u00bb][\/et_pb_column][\/et_pb_row][et_pb_row column_structure=\u00bb1_3,1_3,1_3&#8243; _builder_version=\u00bb4.27.4&#8243; _module_preset=\u00bbdefault\u00bb global_colors_info=\u00bb{}\u00bb][et_pb_column type=\u00bb1_3&#8243; _builder_version=\u00bb4.27.4&#8243; _module_preset=\u00bbdefault\u00bb global_colors_info=\u00bb{}\u00bb][et_pb_text _builder_version=\u00bb4.27.4&#8243; _module_preset=\u00bbdefault\u00bb background_color=\u00bbgcid-f4456b1a-3981-4d56-b88c-d51786b63b7b\u00bb custom_margin=\u00bb0px||||false|false\u00bb custom_padding=\u00bb25px|25px|25px|25px|false|false\u00bb border_radii=\u00bbon|25px|25px|25px|25px\u00bb box_shadow_style=\u00bbpreset2&#8243; global_colors_info=\u00bb{%22gcid-f4456b1a-3981-4d56-b88c-d51786b63b7b%22:%91%22background_color%22%93}\u00bb]<\/p>\n<p style=\"text-align: center;\"><a href=\"https:\/\/inpesca.campeche.gob.mx\/?page_id=477&amp;et_fb=1&amp;PageSpeed=off\" target=\"_blank\" rel=\"noopener\"><span>ENTREGA DE APOYOS PARA EL EQUIPAMIENTO DE UNIDADES DE PRODUCCI\u00d3N E INFRAESTRUCTURA PESQUERA Y ACU\u00cdCOLA.<\/span><\/a><\/p>\n<p>[\/et_pb_text][\/et_pb_column][et_pb_column type=\u00bb1_3&#8243; _builder_version=\u00bb4.27.4&#8243; _module_preset=\u00bbdefault\u00bb global_colors_info=\u00bb{}\u00bb][et_pb_text _builder_version=\u00bb4.27.4&#8243; _module_preset=\u00bbdefault\u00bb background_color=\u00bbgcid-f4456b1a-3981-4d56-b88c-d51786b63b7b\u00bb custom_padding=\u00bb37px|25px|37px|25px|false|false\u00bb border_radii=\u00bbon|25px|25px|25px|25px\u00bb global_colors_info=\u00bb{%22gcid-f4456b1a-3981-4d56-b88c-d51786b63b7b%22:%91%22background_color%22%93}\u00bb]<\/p>\n<p style=\"text-align: center;\"><a href=\"https:\/\/inpesca.campeche.gob.mx\/?page_id=490&amp;et_fb=1&amp;PageSpeed=off\" target=\"_blank\" rel=\"noopener\"><span>SUBSIDIO PARA EL IMPULSO AL EMPRENDIMIENTO SOCIAL DEL SECTOR PESQUERO Y ACU\u00cdCOLA.<\/span><\/a><\/p>\n<p>[\/et_pb_text][\/et_pb_column][et_pb_column type=\u00bb1_3&#8243; _builder_version=\u00bb4.27.4&#8243; _module_preset=\u00bbdefault\u00bb global_colors_info=\u00bb{}\u00bb][et_pb_text _builder_version=\u00bb4.27.4&#8243; _module_preset=\u00bbdefault\u00bb background_color=\u00bbgcid-f4456b1a-3981-4d56-b88c-d51786b63b7b\u00bb custom_padding=\u00bb38px|25px|38px|25px|false|false\u00bb border_radii=\u00bbon|25px|25px|25px|25px\u00bb global_colors_info=\u00bb{%22gcid-f4456b1a-3981-4d56-b88c-d51786b63b7b%22:%91%22background_color%22%93}\u00bb]<\/p>\n<p style=\"text-align: center;\"><a href=\"https:\/\/inpesca.campeche.gob.mx\/?page_id=496&amp;et_fb=1&amp;PageSpeed=off\" target=\"_blank\" rel=\"noopener\"><span>APOYOS PARA LA ATENCI\u00d3N DE EVENTUALIDADES EXTRAORDINARIAS EN EL SECTOR PESQUERO.<\/span><\/a><\/p>\n<p>[\/et_pb_text][\/et_pb_column][\/et_pb_row][\/et_pb_section][et_pb_section fb_built=\u00bb1&#8243; _builder_version=\u00bb4.27.4&#8243; _module_preset=\u00bbdefault\u00bb custom_padding=\u00bb4px||0px|||\u00bb global_colors_info=\u00bb{}\u00bb][et_pb_row column_structure=\u00bb1_3,1_3,1_3&#8243; _builder_version=\u00bb4.27.4&#8243; _module_preset=\u00bbdefault\u00bb global_colors_info=\u00bb{}\u00bb][et_pb_column type=\u00bb1_3&#8243; _builder_version=\u00bb4.27.4&#8243; _module_preset=\u00bbdefault\u00bb global_colors_info=\u00bb{}\u00bb][et_pb_text _builder_version=\u00bb4.27.4&#8243; _module_preset=\u00bbdefault\u00bb background_color=\u00bbgcid-f4456b1a-3981-4d56-b88c-d51786b63b7b\u00bb custom_margin=\u00bb0px||||false|false\u00bb custom_padding=\u00bb48px|25px|48px|25px|false|false\u00bb border_radii=\u00bbon|25px|25px|25px|25px\u00bb box_shadow_style=\u00bbpreset2&#8243; global_colors_info=\u00bb{%22gcid-f4456b1a-3981-4d56-b88c-d51786b63b7b%22:%91%22background_color%22%93}\u00bb]<\/p>\n<p style=\"text-align: center;\"><a href=\"https:\/\/inpesca.campeche.gob.mx\/?page_id=502&amp;et_fb=1&amp;PageSpeed=off\" target=\"_blank\" rel=\"noopener\"><span>ENTREGA DE APOYOS EN PERIODO DE VEDA Y BAJA CAPTURA.<\/span><\/a><\/p>\n<p>[\/et_pb_text][\/et_pb_column][et_pb_column type=\u00bb1_3&#8243; _builder_version=\u00bb4.27.4&#8243; _module_preset=\u00bbdefault\u00bb global_colors_info=\u00bb{}\u00bb][et_pb_text _builder_version=\u00bb4.27.4&#8243; _module_preset=\u00bbdefault\u00bb background_color=\u00bbgcid-f4456b1a-3981-4d56-b88c-d51786b63b7b\u00bb custom_padding=\u00bb61px|25px|61px|25px|false|false\u00bb border_radii=\u00bbon|25px|25px|25px|25px\u00bb global_colors_info=\u00bb{%22gcid-f4456b1a-3981-4d56-b88c-d51786b63b7b%22:%91%22background_color%22%93}\u00bb]<\/p>\n<p style=\"text-align: center;\"><a href=\"https:\/\/inpesca.campeche.gob.mx\/?page_id=507&amp;et_fb=1&amp;PageSpeed=off\" target=\"_blank\" rel=\"noopener\"><span>SEGURO DE VIDA AL SECTOR PESQUERO.<\/span><\/a><\/p>\n<p>[\/et_pb_text][\/et_pb_column][et_pb_column type=\u00bb1_3&#8243; _builder_version=\u00bb4.27.4&#8243; _module_preset=\u00bbdefault\u00bb global_colors_info=\u00bb{}\u00bb][et_pb_text _builder_version=\u00bb4.27.4&#8243; _module_preset=\u00bbdefault\u00bb background_color=\u00bbgcid-f4456b1a-3981-4d56-b88c-d51786b63b7b\u00bb custom_padding=\u00bb26px|25px|26px|25px|false|false\u00bb border_radii=\u00bbon|25px|25px|25px|25px\u00bb global_colors_info=\u00bb{%22gcid-f4456b1a-3981-4d56-b88c-d51786b63b7b%22:%91%22background_color%22%93}\u00bb]<\/p>\n<p style=\"text-align: center;\"><a href=\"https:\/\/inpesca.campeche.gob.mx\/?page_id=512&amp;et_fb=1&amp;PageSpeed=off\" target=\"_blank\" rel=\"noopener\"><span>ENTREGA DE APOYOS PARA EL IMPULSO Y FORTALECIMIENTO DE LA PARTICIPACI\u00d3N DE LA MUJER EN EL SECTOR.<\/span><\/a><\/p>\n<p>[\/et_pb_text][\/et_pb_column][\/et_pb_row][\/et_pb_section][et_pb_section fb_built=\u00bb1&#8243; _builder_version=\u00bb4.27.4&#8243; _module_preset=\u00bbdefault\u00bb custom_padding=\u00bb4px||0px|||\u00bb global_colors_info=\u00bb{}\u00bb][et_pb_row column_structure=\u00bb1_3,1_3,1_3&#8243; _builder_version=\u00bb4.27.4&#8243; _module_preset=\u00bbdefault\u00bb global_colors_info=\u00bb{}\u00bb][et_pb_column type=\u00bb1_3&#8243; _builder_version=\u00bb4.27.4&#8243; _module_preset=\u00bbdefault\u00bb global_colors_info=\u00bb{}\u00bb][\/et_pb_column][et_pb_column type=\u00bb1_3&#8243; _builder_version=\u00bb4.27.4&#8243; _module_preset=\u00bbdefault\u00bb global_colors_info=\u00bb{}\u00bb][et_pb_text _builder_version=\u00bb4.27.4&#8243; _module_preset=\u00bbdefault\u00bb background_color=\u00bbgcid-f4456b1a-3981-4d56-b88c-d51786b63b7b\u00bb custom_padding=\u00bb26px|25px|27px|25px|false|false\u00bb hover_enabled=\u00bb0&#8243; border_radii=\u00bbon|25px|25px|25px|25px\u00bb global_colors_info=\u00bb{%22gcid-f4456b1a-3981-4d56-b88c-d51786b63b7b%22:%91%22background_color%22%93}\u00bb sticky_enabled=\u00bb0&#8243; custom_margin=\u00bb||13px|||\u00bb min_height=\u00bb127.2px\u00bb]<\/p>\n<p><a href=\"https:\/\/inpesca.campeche.gob.mx\/wp-content\/uploads\/2025\/04\/conv00.pdf\" target=\"_blank\" rel=\"noopener\">PROGRAMA DE SUBSIDIO POR CONTINGENCIA PARA EMBARCACIONES MAYORES DEL ESTADO DE CAMPECHE PARA EL EJERCICIO FISCAL 2025.<\/a><\/p>\n<p>[\/et_pb_text][\/et_pb_column][et_pb_column type=\u00bb1_3&#8243; _builder_version=\u00bb4.27.4&#8243; _module_preset=\u00bbdefault\u00bb global_colors_info=\u00bb{}\u00bb][et_pb_text _builder_version=\u00bb4.27.4&#8243; _module_preset=\u00bbdefault\u00bb background_color=\u00bbgcid-f4456b1a-3981-4d56-b88c-d51786b63b7b\u00bb custom_padding=\u00bb26px|25px|26px|25px|false|false\u00bb hover_enabled=\u00bb0&#8243; border_radii=\u00bbon|25px|25px|25px|25px\u00bb global_colors_info=\u00bb{%22gcid-f4456b1a-3981-4d56-b88c-d51786b63b7b%22:%91%22background_color%22%93}\u00bb sticky_enabled=\u00bb0&#8243;]<\/p>\n<p><a href=\"https:\/\/inpesca.campeche.gob.mx\/wp-content\/uploads\/2025\/08\/conv0893.pdf.pdf\" target=\"_blank\" rel=\"noopener\">PROGRAMA DE SUBSIDIO PARA AVITUALLAMIENTO DE EMBARCACIONES MAYORES DEL ESTADO DE CAMPECHE PARA EL EJERCICIO FISCAL 2025.<\/a><\/p>\n<p>[\/et_pb_text][\/et_pb_column][\/et_pb_row][\/et_pb_section][et_pb_section fb_built=\u00bb1&#8243; _builder_version=\u00bb4.27.4&#8243; _module_preset=\u00bbdefault\u00bb custom_padding=\u00bb4px||37px|||\u00bb global_colors_info=\u00bb{}\u00bb][\/et_pb_section]<\/p>\n","protected":false},"excerpt":{"rendered":"<p>PROGRAMAS RESCATE DEL CAMPO Y VISI\u00d3N DEL MAR 2025BENEFICIARIOS DE APOYOSENTREGA DE APOYOS PARA EL EQUIPAMIENTO DE UNIDADES DE PRODUCCI\u00d3N E INFRAESTRUCTURA PESQUERA Y ACU\u00cdCOLA.SUBSIDIO PARA EL IMPULSO AL EMPRENDIMIENTO SOCIAL DEL SECTOR PESQUERO Y ACU\u00cdCOLA.APOYOS PARA LA ATENCI\u00d3N DE EVENTUALIDADES EXTRAORDINARIAS EN EL SECTOR PESQUERO.ENTREGA DE APOYOS EN PERIODO DE VEDA Y BAJA CAPTURA.SEGURO [&hellip;]<\/p>\n","protected":false},"author":2,"featured_media":0,"parent":0,"menu_order":0,"comment_status":"closed","ping_status":"closed","template":"","meta":{"_acf_changed":false,"_et_pb_use_builder":"on","_et_pb_old_content":"","_et_gb_content_width":"","footnotes":""},"class_list":["post-204","page","type-page","status-publish","hentry"],"acf":[],"_links":{"self":[{"href":"https:\/\/inpesca.campeche.gob.mx\/index.php?rest_route=\/wp\/v2\/pages\/204","targetHints":{"allow":["GET"]}}],"collection":[{"href":"https:\/\/inpesca.campeche.gob.mx\/index.php?rest_route=\/wp\/v2\/pages"}],"about":[{"href":"https:\/\/inpesca.campeche.gob.mx\/index.php?rest_route=\/wp\/v2\/types\/page"}],"author":[{"embeddable":true,"href":"https:\/\/inpesca.campeche.gob.mx\/index.php?rest_route=\/wp\/v2\/users\/2"}],"replies":[{"embeddable":true,"href":"https:\/\/inpesca.campeche.gob.mx\/index.php?rest_route=%2Fwp%2Fv2%2Fcomments&post=204"}],"version-history":[{"count":34,"href":"https:\/\/inpesca.campeche.gob.mx\/index.php?rest_route=\/wp\/v2\/pages\/204\/revisions"}],"predecessor-version":[{"id":1462,"href":"https:\/\/inpesca.campeche.gob.mx\/index.php?rest_route=\/wp\/v2\/pages\/204\/revisions\/1462"}],"wp:attachment":[{"href":"https:\/\/inpesca.campeche.gob.mx\/index.php?rest_route=%2Fwp%2Fv2%2Fmedia&parent=204"}],"curies":[{"name":"wp","href":"https:\/\/api.w.org\/{rel}","templated":true}]}}