{"id":717,"date":"2025-05-09T18:39:23","date_gmt":"2025-05-09T18:39:23","guid":{"rendered":"https:\/\/inpesca.campeche.gob.mx\/?page_id=717"},"modified":"2026-02-27T17:49:07","modified_gmt":"2026-02-27T17:49:07","slug":"pae","status":"publish","type":"page","link":"https:\/\/inpesca.campeche.gob.mx\/?page_id=717","title":{"rendered":"PAE"},"content":{"rendered":"<p>[et_pb_section fb_built=\u00bb1&#8243; _builder_version=\u00bb4.27.4&#8243; _module_preset=\u00bbdefault\u00bb custom_padding=\u00bb6px|||||\u00bb global_colors_info=\u00bb{}\u00bb][et_pb_row _builder_version=\u00bb4.27.4&#8243; _module_preset=\u00bbdefault\u00bb global_colors_info=\u00bb{}\u00bb][et_pb_column type=\u00bb4_4&#8243; _builder_version=\u00bb4.27.4&#8243; _module_preset=\u00bbdefault\u00bb global_colors_info=\u00bb{}\u00bb][et_pb_text _builder_version=\u00bb4.27.4&#8243; _module_preset=\u00bbdefault\u00bb global_colors_info=\u00bb{}\u00bb]<\/p>\n<h1><span style=\"color: #808080;\">PROGRAMA ANUAL DE EVALUACI\u00d3N<\/span><\/h1>\n<p><span style=\"color: #808080;\">Instituto de Pesca y Acuacultura del Estado de Campeche<\/span><\/p>\n<p>[\/et_pb_text][\/et_pb_column][\/et_pb_row][et_pb_row _builder_version=\u00bb4.27.4&#8243; _module_preset=\u00bbdefault\u00bb custom_padding=\u00bb7px||67px|||\u00bb global_colors_info=\u00bb{}\u00bb][et_pb_column type=\u00bb4_4&#8243; _builder_version=\u00bb4.27.4&#8243; _module_preset=\u00bbdefault\u00bb global_colors_info=\u00bb{}\u00bb][et_pb_text _builder_version=\u00bb4.27.4&#8243; _module_preset=\u00bbdefault\u00bb global_colors_info=\u00bb{}\u00bb]<\/p>\n<p><strong><span style=\"color: #808080;\">OBJETIVO<\/span><\/strong><\/p>\n<p>[\/et_pb_text][\/et_pb_column][\/et_pb_row][et_pb_row _builder_version=\u00bb4.27.4&#8243; _module_preset=\u00bbdefault\u00bb custom_padding=\u00bb8px||0px|||\u00bb global_colors_info=\u00bb{}\u00bb][et_pb_column type=\u00bb4_4&#8243; _builder_version=\u00bb4.27.4&#8243; _module_preset=\u00bbdefault\u00bb global_colors_info=\u00bb{}\u00bb][et_pb_text _builder_version=\u00bb4.27.4&#8243; _module_preset=\u00bbdefault\u00bb custom_padding=\u00bb||0px|||\u00bb global_colors_info=\u00bb{}\u00bb]<\/p>\n<table border=\"1\" style=\"border-collapse: collapse; width: 100%;\">\n<tbody>\n<tr>\n<td style=\"width: 4%;\"><img loading=\"lazy\" decoding=\"async\" src=\"https:\/\/inpesca.campeche.gob.mx\/wp-content\/uploads\/2025\/03\/pdf_icon-300x300.png\" width=\"59\" height=\"59\" alt=\"\" class=\"wp-image-263 alignright size-medium\" \/><\/td>\n<td style=\"width: 50%;\">Evaluaci\u00f3n Diagnostico Programa Rescate del Campo y Visi\u00f3n del Mar, ejercicio 2023<\/td>\n<\/tr>\n<\/tbody>\n<\/table>\n<p>[\/et_pb_text][\/et_pb_column][\/et_pb_row][et_pb_row _builder_version=\u00bb4.27.4&#8243; _module_preset=\u00bbdefault\u00bb global_colors_info=\u00bb{}\u00bb][et_pb_column type=\u00bb4_4&#8243; _builder_version=\u00bb4.27.4&#8243; _module_preset=\u00bbdefault\u00bb global_colors_info=\u00bb{}\u00bb][et_pb_tabs _builder_version=\u00bb4.27.4&#8243; _module_preset=\u00bbdefault\u00bb hover_enabled=\u00bb0&#8243; global_colors_info=\u00bb{}\u00bb sticky_enabled=\u00bb0&#8243;][et_pb_tab title=\u00bbPAE 2025&#8243; _builder_version=\u00bb4.27.4&#8243; _module_preset=\u00bbdefault\u00bb hover_enabled=\u00bb0&#8243; global_colors_info=\u00bb{}\u00bb sticky_enabled=\u00bb0&#8243;]<\/p>\n<p><strong>EVALUACI\u00d3N DE PROCESOS<\/strong><\/p>\n<p>1. <a href=\"https:\/\/inpesca.campeche.gob.mx\/wp-content\/uploads\/2026\/02\/1_INFORME-FINAL_Evaluacion_PROCESOS_Pp024_2024_PAE2025.pdf\" target=\"_blank\" rel=\"noopener\">Informe final<\/a><br \/>2. <a href=\"https:\/\/inpesca.campeche.gob.mx\/wp-content\/uploads\/2026\/02\/2_TDR_Procesos_SDA_FOFAECAM_INPESCA_Pp024_2024_PAE2025.pdf\" target=\"_blank\" rel=\"noopener\">T\u00e9rminos de Referencia<\/a><br \/>3. <a href=\"https:\/\/inpesca.campeche.gob.mx\/wp-content\/uploads\/2026\/02\/3_Anexo_1_Procesos_SDA_FOFAECAM_INPESCA_Pp024_2024_PAE2025.pdf\" target=\"_blank\" rel=\"noopener\">Anexo 1 Formato de difusi\u00f3n de resultados<\/a><br \/>4. <a href=\"https:\/\/inpesca.campeche.gob.mx\/wp-content\/uploads\/2026\/02\/4_Ficha_tecnica_del_evaluador_Pp024_Procesos_2024_PAE2025.pdf\" target=\"_blank\" rel=\"noopener\">Ficha t\u00e9cnica del evaluador<\/a><br \/>5. <a href=\"https:\/\/inpesca.campeche.gob.mx\/wp-content\/uploads\/2026\/02\/5_Propuesta_trabajo_VelenzuelaGarcia_Pp024_Procesos_2024_PAE2025.pdf\" target=\"_blank\" rel=\"noopener\">Propuesta trabajo<\/a><br \/>6. <a href=\"https:\/\/inpesca.campeche.gob.mx\/wp-content\/uploads\/2026\/02\/6_Resumen_Ejecutivo_Evaluacion_PROCESOS_Pp024_2024_PAE2025.pdf\" target=\"_blank\" rel=\"noopener\">Resumen Ejecutivo<\/a><br \/>7. <a href=\"https:\/\/inpesca.campeche.gob.mx\/wp-content\/uploads\/2026\/02\/7_Acta_constitutiva_instancia_evaluadora_Pp024_Procesos_2024_PAE2025.pdf\" target=\"_blank\" rel=\"noopener\">Acta constitutiva de la instancia evaluadora<\/a><br \/>8. <a href=\"https:\/\/inpesca.campeche.gob.mx\/wp-content\/uploads\/2026\/02\/8_Constancia_Situacion_Fiscal_Pp024_Procesos_2024_PAE2025.pdf\" target=\"_blank\" rel=\"noopener\">Constancia de situaci\u00f3n fiscal de la instancia evaluadora<\/a><br \/>9. <a href=\"https:\/\/inpesca.campeche.gob.mx\/wp-content\/uploads\/2026\/02\/9_Contrato_SDA_CPS_DP_001_2025_Pp024_Procesos_2024_PAE2025.pdf\" target=\"_blank\" rel=\"noopener\">Contrato de prestaci\u00f3n de servicios<\/a><br \/>10. <a href=\"https:\/\/inpesca.campeche.gob.mx\/wp-content\/uploads\/2026\/02\/10_Curriculum_evaluador_instancia_evaluadora.pdf\" target=\"_blank\" rel=\"noopener\">Curriculum del evaluador<\/a><br \/>11. <a href=\"https:\/\/inpesca.campeche.gob.mx\/wp-content\/uploads\/2026\/02\/11_Doc-Acredita_Experencia_Evaluador_Pp024_Procesos_2024.pdf\" target=\"_blank\" rel=\"noopener\">Documento que acredite la experiencia del evaluador<\/a><br \/>12. <a href=\"https:\/\/inpesca.campeche.gob.mx\/wp-content\/uploads\/2026\/02\/12_Manifestacion_Experiencia_Evaluador_Pp024_Procesos_2024.pdf\" target=\"_blank\" rel=\"noopener\">Manifiesto escrito de la experiencia del evaluador<\/a><br \/>13. <a href=\"https:\/\/inpesca.campeche.gob.mx\/wp-content\/uploads\/2026\/02\/ANEXO_A_SDA_FOFAECAM_INPESCA_PAE2025_EVALUACIONPROCESOS_Pp024_2024.pdf\" target=\"_blank\" rel=\"noopener\">Anexo A. SDA FOFAECAM INPESCA PAE2025 Evaluaci\u00f3n Procesos Pp024 2024<\/a><\/p>\n<p>&nbsp;<\/p>\n<p>[\/et_pb_tab][et_pb_tab title=\u00bbASM\u00bb _builder_version=\u00bb4.27.4&#8243; _module_preset=\u00bbdefault\u00bb global_colors_info=\u00bb{}\u00bb]<\/p>\n<p><strong>ASPECTO SUSCEPTIBLES DE MEJORA<\/strong><\/p>\n<p>[\/et_pb_tab][et_pb_tab title=\u00bbGALER\u00cdA\u00bb _builder_version=\u00bb4.27.4&#8243; _module_preset=\u00bbdefault\u00bb global_colors_info=\u00bb{}\u00bb]<\/p>\n<p><img loading=\"lazy\" decoding=\"async\" src=\"https:\/\/inpesca.campeche.gob.mx\/wp-content\/uploads\/2026\/02\/pae2026-300x225.jpg\" width=\"300\" height=\"225\" alt=\"\" class=\"wp-image-2051 alignright size-medium\" style=\"float: left;\" \/><\/p>\n<p>[\/et_pb_tab][\/et_pb_tabs][\/et_pb_column][\/et_pb_row][et_pb_row _builder_version=\u00bb4.27.4&#8243; _module_preset=\u00bbdefault\u00bb global_colors_info=\u00bb{}\u00bb][et_pb_column type=\u00bb4_4&#8243; _builder_version=\u00bb4.27.4&#8243; _module_preset=\u00bbdefault\u00bb global_colors_info=\u00bb{}\u00bb][et_pb_tabs _builder_version=\u00bb4.27.4&#8243; _module_preset=\u00bbdefault\u00bb global_colors_info=\u00bb{}\u00bb][et_pb_tab title=\u00bbPAE 2024&#8243; _builder_version=\u00bb4.27.4&#8243; _module_preset=\u00bbdefault\u00bb global_colors_info=\u00bb{}\u00bb]<\/p>\n<p><strong>EVALUACI\u00d3N DE CONSISTENCIA Y RESULTADOS<\/strong><\/p>\n<p>1. <a href=\"https:\/\/inpesca.campeche.gob.mx\/wp-content\/uploads\/2025\/07\/1.-Informe-final.pdf\" target=\"_blank\" rel=\"noopener\">Informe final<\/a><br \/>2. <a href=\"https:\/\/inpesca.campeche.gob.mx\/wp-content\/uploads\/2025\/07\/2.-Terminos-de-Referencia.pdf\" target=\"_blank\" rel=\"noopener\">T\u00e9rminos de Referencia<\/a><br \/>3. <a href=\"https:\/\/inpesca.campeche.gob.mx\/wp-content\/uploads\/2025\/07\/3.-Anexo1-Formato-de-difusion-de-resultados.pdf\" target=\"_blank\" rel=\"noopener\">Anexo 1 Formato de difusi\u00f3n de resultados<\/a><br \/>4. <a href=\"https:\/\/inpesca.campeche.gob.mx\/wp-content\/uploads\/2025\/07\/4.-Ficha-tecnica-del-evaluador.pdf\" target=\"_blank\" rel=\"noopener\">Ficha t\u00e9cnica del evaluador<\/a><br \/>5. <a href=\"https:\/\/inpesca.campeche.gob.mx\/wp-content\/uploads\/2025\/07\/5.-Propuesta-trabajo.pdf\" target=\"_blank\" rel=\"noopener\">Propuesta trabajo<\/a><br \/>6. <a href=\"https:\/\/inpesca.campeche.gob.mx\/wp-content\/uploads\/2025\/07\/6.-Resumen-Ejecutivo.pdf\" target=\"_blank\" rel=\"noopener\">Resumen Ejecutivo<\/a><br \/>7. <a href=\"https:\/\/inpesca.campeche.gob.mx\/wp-content\/uploads\/2025\/07\/7.-Acta-constitutiva-de-la-instancia-evaluadora.pdf\" target=\"_blank\" rel=\"noopener\">Acta constitutiva de la instancia evaluadora<\/a><br \/>8. <a href=\"https:\/\/inpesca.campeche.gob.mx\/wp-content\/uploads\/2025\/07\/8.-Constancia-de-situacion-fiscal-de-la-instancia-evaluadora.pdf\" target=\"_blank\" rel=\"noopener\">Constancia de situaci\u00f3n fiscal de la instancia evaluadora<\/a><br \/>9. <a href=\"https:\/\/inpesca.campeche.gob.mx\/wp-content\/uploads\/2025\/07\/9.-Contrato-de-prestacion-de-servicios.pdf\" target=\"_blank\" rel=\"noopener\">Contrato de prestaci\u00f3n de servicios<\/a><br \/>10. <a href=\"https:\/\/inpesca.campeche.gob.mx\/wp-content\/uploads\/2025\/07\/10.-Curriculum-del-evaluador.pdf\" target=\"_blank\" rel=\"noopener\">Curriculum del evaluador<\/a><br \/>11. <a href=\"https:\/\/inpesca.campeche.gob.mx\/wp-content\/uploads\/2025\/07\/11.-Documento-que-acredite-la-experiencia-del-evaluador.pdf\" target=\"_blank\" rel=\"noopener\">Documento que acredite la experiencia del evaluador<\/a><br \/>12. <a href=\"https:\/\/inpesca.campeche.gob.mx\/wp-content\/uploads\/2025\/07\/12.-Manifiesto-escrito-de-la-experiencia-del-evaluador.pdf\" target=\"_blank\" rel=\"noopener\">Manifiesto escrito de la experiencia del evaluador<\/a><\/p>\n<p>[\/et_pb_tab][et_pb_tab title=\u00bbASM\u00bb _builder_version=\u00bb4.27.4&#8243; _module_preset=\u00bbdefault\u00bb global_colors_info=\u00bb{}\u00bb]<\/p>\n<p><strong>ASPECTO SUSCEPTIBLES DE MEJORA<\/strong><\/p>\n<p>[\/et_pb_tab][et_pb_tab title=\u00bbGALER\u00cdA\u00bb _builder_version=\u00bb4.27.4&#8243; _module_preset=\u00bbdefault\u00bb global_colors_info=\u00bb{}\u00bb][\/et_pb_tab][\/et_pb_tabs][\/et_pb_column][\/et_pb_row][et_pb_row _builder_version=\u00bb4.27.4&#8243; _module_preset=\u00bbdefault\u00bb global_colors_info=\u00bb{}\u00bb][et_pb_column type=\u00bb4_4&#8243; _builder_version=\u00bb4.27.4&#8243; _module_preset=\u00bbdefault\u00bb global_colors_info=\u00bb{}\u00bb][et_pb_tabs _builder_version=\u00bb4.27.4&#8243; _module_preset=\u00bbdefault\u00bb global_colors_info=\u00bb{}\u00bb][et_pb_tab title=\u00bbPAE 2023&#8243; _builder_version=\u00bb4.27.4&#8243; _module_preset=\u00bbdefault\u00bb global_colors_info=\u00bb{}\u00bb]<\/p>\n<p><strong>EVALUACI\u00d3N DE DISE\u00d1O<\/strong><\/p>\n<p>1. <a href=\"https:\/\/inpesca.campeche.gob.mx\/wp-content\/uploads\/2025\/07\/1_Informe_final_Diseno_Pp024_2023.pdf\" target=\"_blank\" rel=\"noopener\">Informe final<\/a><br \/>2. <a href=\"https:\/\/inpesca.campeche.gob.mx\/wp-content\/uploads\/2025\/07\/2_Terminos_de_Referencia_Evaluacion_Diseno_Pp024_2023.pdf\" target=\"_blank\" rel=\"noopener\">T\u00e9rminos de Referencia<\/a><br \/>3. <a href=\"https:\/\/inpesca.campeche.gob.mx\/wp-content\/uploads\/2025\/07\/3_Anexo1_formato_difusion_resultados_Pp024_2023.pdf\" target=\"_blank\" rel=\"noopener\">Anexo 1 Formato de difusi\u00f3n de resultados<\/a><br \/>4. <a href=\"https:\/\/inpesca.campeche.gob.mx\/wp-content\/uploads\/2025\/07\/4_Ficha_tecnica_del_evaluador_Pp024_Diseno_2023.pdf\" target=\"_blank\" rel=\"noopener\">Ficha t\u00e9cnica del evaluador<\/a><br \/>5. <a href=\"https:\/\/inpesca.campeche.gob.mx\/wp-content\/uploads\/2025\/07\/5_Propuesta_trabajo_Pp024_Diseno_2023.pdf\" target=\"_blank\" rel=\"noopener\">Propuesta trabajo<\/a><br \/>6. <a href=\"https:\/\/inpesca.campeche.gob.mx\/wp-content\/uploads\/2025\/07\/6_Resumen_Ejecutivo_Pp024_Diseno_2023.pdf\" target=\"_blank\" rel=\"noopener\">Resumen Ejecutivo<\/a><br \/>7. <a href=\"https:\/\/inpesca.campeche.gob.mx\/wp-content\/uploads\/2025\/07\/7_-Acta_constitutiva_ESCIO_instancia_evaluadora.pdf\" target=\"_blank\" rel=\"noopener\">Acta constitutiva de la instancia evaluadora<\/a><br \/>8. <a href=\"https:\/\/inpesca.campeche.gob.mx\/wp-content\/uploads\/2025\/07\/8_Constancia_situacion_fiscal_ESCIO.pdf\" target=\"_blank\" rel=\"noopener\">Constancia de situaci\u00f3n fiscal de la instancia evaluadora<\/a><br \/>9. <a href=\"https:\/\/inpesca.campeche.gob.mx\/wp-content\/uploads\/2025\/07\/9_Contrato_prestacion_sevicios_eval_Diseno_Pp024.pdf\" target=\"_blank\" rel=\"noopener\">Contrato de prestaci\u00f3n de servicios<\/a><br \/>10. <a href=\"https:\/\/inpesca.campeche.gob.mx\/wp-content\/uploads\/2025\/07\/10_Curriculum_evaluador_ESCIO.pdf\" target=\"_blank\" rel=\"noopener\">Curriculum del evaluador<\/a><br \/>11. <a href=\"https:\/\/inpesca.campeche.gob.mx\/wp-content\/uploads\/2025\/07\/11_Doctos_acredite_experiencia_evaluador.pdf\" target=\"_blank\" rel=\"noopener\">Documento que acredite la experiencia del evaluador<\/a><br \/>12. <a href=\"https:\/\/inpesca.campeche.gob.mx\/wp-content\/uploads\/2025\/07\/12_Manifiesto_escrito_evaluador_experiencia_Pp024_Diseno_2023.pdf\" target=\"_blank\" rel=\"noopener\">Manifiesto escrito de la experiencia del evaluador<\/a><\/p>\n<p>[\/et_pb_tab][et_pb_tab title=\u00bbASM\u00bb _builder_version=\u00bb4.27.4&#8243; _module_preset=\u00bbdefault\u00bb global_colors_info=\u00bb{}\u00bb]<\/p>\n<p><strong>ASPECTO SUSCEPTIBLES DE MEJORA<\/strong><\/p>\n<p>&nbsp;<\/p>\n<p><a href=\"https:\/\/inpesca.campeche.gob.mx\/wp-content\/uploads\/2025\/07\/Anexo-B.-Documento-de-Trabajo-ASM-PAE-2023.pdf\" target=\"_blank\" rel=\"noopener\">Anexo B. Documento de Trabajo<\/a><\/p>\n<p><a href=\"https:\/\/inpesca.campeche.gob.mx\/wp-content\/uploads\/2025\/07\/Anexo-D.-Documento-Institucional-ASM-PAE-2023.pdf\" target=\"_blank\" rel=\"noopener\">Anexo D. Documento Institucional<\/a><\/p>\n<p><a href=\"https:\/\/inpesca.campeche.gob.mx\/wp-content\/uploads\/2025\/07\/Anexo-E.-Avance-del-Documento-Institucional-ASM-PAE-2023.pdf\" target=\"_blank\" rel=\"noopener\">Anexo E. Avance del Documento Institucional<\/a><\/p>\n<p><a href=\"https:\/\/inpesca.campeche.gob.mx\/wp-content\/uploads\/2025\/07\/Anexo-F.-Posicion-Institucional-ASM-PAE-2023.pdf\" target=\"_blank\" rel=\"noopener\">Anexo F. Posicion Institucional<\/a><\/p>\n<p>[\/et_pb_tab][et_pb_tab title=\u00bbGALER\u00cdA\u00bb _builder_version=\u00bb4.27.4&#8243; _module_preset=\u00bbdefault\u00bb global_colors_info=\u00bb{}\u00bb][\/et_pb_tab][\/et_pb_tabs][\/et_pb_column][\/et_pb_row][et_pb_row _builder_version=\u00bb4.27.4&#8243; _module_preset=\u00bbdefault\u00bb global_colors_info=\u00bb{}\u00bb][et_pb_column type=\u00bb4_4&#8243; _builder_version=\u00bb4.27.4&#8243; _module_preset=\u00bbdefault\u00bb global_colors_info=\u00bb{}\u00bb][et_pb_tabs _builder_version=\u00bb4.27.4&#8243; _module_preset=\u00bbdefault\u00bb global_colors_info=\u00bb{}\u00bb][et_pb_tab title=\u00bbPAE 2022&#8243; _builder_version=\u00bb4.27.4&#8243; _module_preset=\u00bbdefault\u00bb global_colors_info=\u00bb{}\u00bb]<\/p>\n<p><strong>EVALUACI\u00d3N DE DISE\u00d1O<\/strong><\/p>\n<p>1. <a href=\"https:\/\/inpesca.campeche.gob.mx\/wp-content\/uploads\/2025\/07\/1.-Informe-Final.pdf\" target=\"_blank\" rel=\"noopener\">Informe final<\/a><br \/>2. <a href=\"https:\/\/inpesca.campeche.gob.mx\/wp-content\/uploads\/2025\/07\/2.-Terminos-de-Referencia-1.pdf\" target=\"_blank\" rel=\"noopener\">T\u00e9rminos de Referencia<\/a><br \/>3. <a href=\"https:\/\/inpesca.campeche.gob.mx\/wp-content\/uploads\/2025\/07\/3.-Anexo-1-Formato-para-la-Difusion-de-los-Resultados-de-las-Evaluaciones-2.pdf\" target=\"_blank\" rel=\"noopener\">Anexo 1 Formato de difusi\u00f3n de resultados<\/a><br \/>4. <a href=\"https:\/\/inpesca.campeche.gob.mx\/wp-content\/uploads\/2025\/07\/4.-Ficha-Tecnica-del-Evaluador.pdf\" target=\"_blank\" rel=\"noopener\">Ficha t\u00e9cnica del evaluador<\/a><br \/>5. <a href=\"https:\/\/inpesca.campeche.gob.mx\/wp-content\/uploads\/2025\/07\/5.-Propuesta-de-Trabajo.pdf\" target=\"_blank\" rel=\"noopener\">Propuesta trabajo<\/a><br \/>6. <a href=\"https:\/\/inpesca.campeche.gob.mx\/wp-content\/uploads\/2025\/07\/6.-Resumen-Ejecutivo-1.pdf\" target=\"_blank\" rel=\"noopener\">Resumen Ejecutivo<\/a><br \/>7. <a href=\"https:\/\/inpesca.campeche.gob.mx\/wp-content\/uploads\/2025\/07\/7.-Constancia-Situacion-Fiscal.pdf\" target=\"_blank\" rel=\"noopener\">Constancia de situaci\u00f3n fiscal<\/a><br \/>8. <a href=\"https:\/\/inpesca.campeche.gob.mx\/wp-content\/uploads\/2025\/07\/8.-Contrato-de-Prestacion-de-Servicios.pdf\" target=\"_blank\" rel=\"noopener\">Contrato de prestaci\u00f3n de servicios<\/a><br \/>9. <a href=\"https:\/\/inpesca.campeche.gob.mx\/wp-content\/uploads\/2025\/07\/9.-Curriculum-del-Evaluador.pdf\" target=\"_blank\" rel=\"noopener\">Curriculum del evaluador<\/a><br \/>10. <a href=\"https:\/\/inpesca.campeche.gob.mx\/wp-content\/uploads\/2025\/07\/10.-Documento-que-Acredita-la-Experiencia-del-Evaluador.pdf\" target=\"_blank\" rel=\"noopener\">Documento que acredite la experiencia del evaluador<\/a><br \/>11. <a href=\"https:\/\/inpesca.campeche.gob.mx\/wp-content\/uploads\/2025\/07\/11.-Documento-de-Manifestacion-de-Experiencia-del-Evaluador.pdf\" target=\"_blank\" rel=\"noopener\">Manifiesto escrito de la experiencia del evaluador<\/a><\/p>\n<p>[\/et_pb_tab][et_pb_tab title=\u00bbASM\u00bb _builder_version=\u00bb4.27.4&#8243; _module_preset=\u00bbdefault\u00bb global_colors_info=\u00bb{}\u00bb]<\/p>\n<p><strong>ASPECTO SUSCEPTIBLES DE MEJORA<\/strong><\/p>\n<p>&nbsp;<\/p>\n<p><a href=\"https:\/\/inpesca.campeche.gob.mx\/wp-content\/uploads\/2025\/07\/Anexos-B.-Documento-de-Trabajo-D.-Documento-Institucional-y-F.-Posicion-Institucional-ASM-PAE-2022.pdf\" target=\"_blank\" rel=\"noopener\">Anexos B. Documento de Trabajo, D. Documento Institucional y F. Posicion Institucional<\/a><\/p>\n<p><a href=\"https:\/\/inpesca.campeche.gob.mx\/wp-content\/uploads\/2025\/07\/Anexos-C.-Avance-Documento-de-Trabajo-y-E.-Avance-Documento-Institucional-ASM-PAE-2022.pdf\" target=\"_blank\" rel=\"noopener\">Anexos C. Avance Documento de Trabajo y E. Avance Documento Institucional<\/a><\/p>\n<p>[\/et_pb_tab][et_pb_tab title=\u00bbGALER\u00cdA\u00bb _builder_version=\u00bb4.27.4&#8243; _module_preset=\u00bbdefault\u00bb global_colors_info=\u00bb{}\u00bb]<\/p>\n\n\t\t<style type=\"text\/css\">\n\t\t\t#gallery-1 {\n\t\t\t\tmargin: auto;\n\t\t\t}\n\t\t\t#gallery-1 .gallery-item {\n\t\t\t\tfloat: left;\n\t\t\t\tmargin-top: 10px;\n\t\t\t\ttext-align: center;\n\t\t\t\twidth: 33%;\n\t\t\t}\n\t\t\t#gallery-1 img {\n\t\t\t\tborder: 2px solid #cfcfcf;\n\t\t\t}\n\t\t\t#gallery-1 .gallery-caption {\n\t\t\t\tmargin-left: 0;\n\t\t\t}\n\t\t\t\/* see gallery_shortcode() in wp-includes\/media.php *\/\n\t\t<\/style>\n\t\t<div id='gallery-1' class='gallery galleryid-717 gallery-columns-3 gallery-size-thumbnail'><dl class='gallery-item'>\n\t\t\t<dt class='gallery-icon landscape'>\n\t\t\t\t<a href='https:\/\/inpesca.campeche.gob.mx\/?attachment_id=1275'><img loading=\"lazy\" decoding=\"async\" width=\"150\" height=\"150\" src=\"https:\/\/inpesca.campeche.gob.mx\/wp-content\/uploads\/2025\/07\/DSC0383-150x150.jpg\" class=\"attachment-thumbnail size-thumbnail\" alt=\"\" \/><\/a>\n\t\t\t<\/dt><\/dl><dl class='gallery-item'>\n\t\t\t<dt class='gallery-icon landscape'>\n\t\t\t\t<a href='https:\/\/inpesca.campeche.gob.mx\/?attachment_id=1276'><img loading=\"lazy\" decoding=\"async\" width=\"150\" height=\"150\" src=\"https:\/\/inpesca.campeche.gob.mx\/wp-content\/uploads\/2025\/07\/DSC0384-150x150.jpg\" class=\"attachment-thumbnail size-thumbnail\" alt=\"\" \/><\/a>\n\t\t\t<\/dt><\/dl><dl class='gallery-item'>\n\t\t\t<dt class='gallery-icon landscape'>\n\t\t\t\t<a href='https:\/\/inpesca.campeche.gob.mx\/?attachment_id=1277'><img loading=\"lazy\" decoding=\"async\" width=\"150\" height=\"150\" src=\"https:\/\/inpesca.campeche.gob.mx\/wp-content\/uploads\/2025\/07\/DSC0390-150x150.jpg\" class=\"attachment-thumbnail size-thumbnail\" alt=\"\" \/><\/a>\n\t\t\t<\/dt><\/dl><br style=\"clear: both\" \/><dl class='gallery-item'>\n\t\t\t<dt class='gallery-icon landscape'>\n\t\t\t\t<a href='https:\/\/inpesca.campeche.gob.mx\/?attachment_id=1274'><img loading=\"lazy\" decoding=\"async\" width=\"150\" height=\"150\" src=\"https:\/\/inpesca.campeche.gob.mx\/wp-content\/uploads\/2025\/07\/DSC0377-150x150.jpg\" class=\"attachment-thumbnail size-thumbnail\" alt=\"\" \/><\/a>\n\t\t\t<\/dt><\/dl><dl class='gallery-item'>\n\t\t\t<dt class='gallery-icon landscape'>\n\t\t\t\t<a href='https:\/\/inpesca.campeche.gob.mx\/?attachment_id=1279'><img loading=\"lazy\" decoding=\"async\" width=\"150\" height=\"150\" src=\"https:\/\/inpesca.campeche.gob.mx\/wp-content\/uploads\/2025\/07\/DSC0393-150x150.jpg\" class=\"attachment-thumbnail size-thumbnail\" alt=\"\" \/><\/a>\n\t\t\t<\/dt><\/dl><dl class='gallery-item'>\n\t\t\t<dt class='gallery-icon landscape'>\n\t\t\t\t<a href='https:\/\/inpesca.campeche.gob.mx\/?attachment_id=1278'><img loading=\"lazy\" decoding=\"async\" width=\"150\" height=\"150\" src=\"https:\/\/inpesca.campeche.gob.mx\/wp-content\/uploads\/2025\/07\/DSC0391-150x150.jpg\" class=\"attachment-thumbnail size-thumbnail\" alt=\"\" \/><\/a>\n\t\t\t<\/dt><\/dl><br style=\"clear: both\" \/><dl class='gallery-item'>\n\t\t\t<dt class='gallery-icon portrait'>\n\t\t\t\t<a href='https:\/\/inpesca.campeche.gob.mx\/?attachment_id=1280'><img loading=\"lazy\" decoding=\"async\" width=\"150\" height=\"150\" src=\"https:\/\/inpesca.campeche.gob.mx\/wp-content\/uploads\/2025\/07\/DSC0402-150x150.jpg\" class=\"attachment-thumbnail size-thumbnail\" alt=\"\" \/><\/a>\n\t\t\t<\/dt><\/dl>\n\t\t\t<br style='clear: both' \/>\n\t\t<\/div>\n\n<p>[\/et_pb_tab][\/et_pb_tabs][\/et_pb_column][\/et_pb_row][\/et_pb_section]<\/p>\n","protected":false},"excerpt":{"rendered":"<p>PROGRAMA ANUAL DE EVALUACI\u00d3N Instituto de Pesca y Acuacultura del Estado de CampecheOBJETIVO Evaluaci\u00f3n Diagnostico Programa Rescate del Campo y Visi\u00f3n del Mar, ejercicio 2023 EVALUACI\u00d3N DE PROCESOS 1. Informe final2. T\u00e9rminos de Referencia3. Anexo 1 Formato de difusi\u00f3n de resultados4. Ficha t\u00e9cnica del evaluador5. Propuesta trabajo6. Resumen Ejecutivo7. Acta constitutiva de la instancia evaluadora8. [&hellip;]<\/p>\n","protected":false},"author":2,"featured_media":0,"parent":0,"menu_order":0,"comment_status":"closed","ping_status":"closed","template":"","meta":{"_acf_changed":false,"_et_pb_use_builder":"on","_et_pb_old_content":"","_et_gb_content_width":"","footnotes":""},"class_list":["post-717","page","type-page","status-publish","hentry"],"acf":[],"_links":{"self":[{"href":"https:\/\/inpesca.campeche.gob.mx\/index.php?rest_route=\/wp\/v2\/pages\/717","targetHints":{"allow":["GET"]}}],"collection":[{"href":"https:\/\/inpesca.campeche.gob.mx\/index.php?rest_route=\/wp\/v2\/pages"}],"about":[{"href":"https:\/\/inpesca.campeche.gob.mx\/index.php?rest_route=\/wp\/v2\/types\/page"}],"author":[{"embeddable":true,"href":"https:\/\/inpesca.campeche.gob.mx\/index.php?rest_route=\/wp\/v2\/users\/2"}],"replies":[{"embeddable":true,"href":"https:\/\/inpesca.campeche.gob.mx\/index.php?rest_route=%2Fwp%2Fv2%2Fcomments&post=717"}],"version-history":[{"count":13,"href":"https:\/\/inpesca.campeche.gob.mx\/index.php?rest_route=\/wp\/v2\/pages\/717\/revisions"}],"predecessor-version":[{"id":2059,"href":"https:\/\/inpesca.campeche.gob.mx\/index.php?rest_route=\/wp\/v2\/pages\/717\/revisions\/2059"}],"wp:attachment":[{"href":"https:\/\/inpesca.campeche.gob.mx\/index.php?rest_route=%2Fwp%2Fv2%2Fmedia&parent=717"}],"curies":[{"name":"wp","href":"https:\/\/api.w.org\/{rel}","templated":true}]}}